{"id":260,"date":"2024-07-31T16:18:04","date_gmt":"2024-07-31T20:18:04","guid":{"rendered":"https:\/\/gepuc.cl\/?page_id=260"},"modified":"2024-08-28T09:56:23","modified_gmt":"2024-08-28T13:56:23","slug":"capacitacion","status":"publish","type":"page","link":"https:\/\/gepuc.cl\/?page_id=260","title":{"rendered":"Capacitaci\u00f3n"},"content":{"rendered":"\t\t<div data-elementor-type=\"wp-page\" data-elementor-id=\"260\" class=\"elementor elementor-260\">\n\t\t\t\t\t\t<section class=\"elementor-section elementor-top-section elementor-element elementor-element-03884d7 elementor-section-boxed elementor-section-height-default elementor-section-height-default\" data-id=\"03884d7\" data-element_type=\"section\" data-e-type=\"section\">\n\t\t\t\t\t\t<div class=\"elementor-container elementor-column-gap-default\">\n\t\t\t\t\t<div class=\"elementor-column elementor-col-100 elementor-top-column elementor-element elementor-element-44d3d92\" data-id=\"44d3d92\" data-element_type=\"column\" data-e-type=\"column\">\n\t\t\t<div class=\"elementor-widget-wrap elementor-element-populated\">\n\t\t\t\t\t\t<section class=\"elementor-section elementor-inner-section elementor-element elementor-element-66fbe4a elementor-section-boxed elementor-section-height-default elementor-section-height-default\" data-id=\"66fbe4a\" data-element_type=\"section\" data-e-type=\"section\">\n\t\t\t\t\t\t<div class=\"elementor-container elementor-column-gap-default\">\n\t\t\t\t\t<div class=\"elementor-column elementor-col-100 elementor-inner-column elementor-element elementor-element-3e9f299\" data-id=\"3e9f299\" data-element_type=\"column\" data-e-type=\"column\">\n\t\t\t<div class=\"elementor-widget-wrap elementor-element-populated\">\n\t\t\t\t\t\t<div class=\"elementor-element elementor-element-eb19a86 color-scheme-inherit text-left elementor-widget elementor-widget-text-editor\" data-id=\"eb19a86\" data-element_type=\"widget\" data-e-type=\"widget\" data-widget_type=\"text-editor.default\">\n\t\t\t\t<div class=\"elementor-widget-container\">\n\t\t\t\t\t\t\t\t\t<p><span style=\"font-weight: 400;\">En GEPUC, creemos en el poder de la educaci\u00f3n continua como motor de transformaci\u00f3n y desarrollo profesional. Ofrecemos una variedad de programas de capacitaci\u00f3n dise\u00f1ados para profesionales que buscan ampliar sus conocimientos y habilidades en gesti\u00f3n de producci\u00f3n y \u00e1reas afines. Nuestros programas est\u00e1n cuidadosamente estructurados para proporcionar una combinaci\u00f3n de teor\u00eda avanzada y aplicaci\u00f3n pr\u00e1ctica, adapt\u00e1ndose a las necesidades de diferentes audiencias, desde ejecutivos hasta equipos corporativos.\u00a0<\/span><\/p>\t\t\t\t\t\t\t\t<\/div>\n\t\t\t\t<\/div>\n\t\t\t\t\t<\/div>\n\t\t<\/div>\n\t\t\t\t\t<\/div>\n\t\t<\/section>\n\t\t\t\t\t<\/div>\n\t\t<\/div>\n\t\t\t\t\t<\/div>\n\t\t<\/section>\n\t\t\t\t<section class=\"elementor-section elementor-top-section elementor-element elementor-element-66188e3 elementor-section-boxed elementor-section-height-default elementor-section-height-default\" data-id=\"66188e3\" data-element_type=\"section\" data-e-type=\"section\">\n\t\t\t\t\t\t<div class=\"elementor-container elementor-column-gap-default\">\n\t\t\t\t\t<div class=\"elementor-column elementor-col-100 elementor-top-column elementor-element elementor-element-8063e97\" data-id=\"8063e97\" data-element_type=\"column\" data-e-type=\"column\">\n\t\t\t<div class=\"elementor-widget-wrap elementor-element-populated\">\n\t\t\t\t\t\t<div class=\"elementor-element elementor-element-e640540 elementor-widget elementor-widget-heading\" data-id=\"e640540\" data-element_type=\"widget\" data-e-type=\"widget\" data-widget_type=\"heading.default\">\n\t\t\t\t<div class=\"elementor-widget-container\">\n\t\t\t\t\t<h3 class=\"elementor-heading-title elementor-size-default\">Clase Ejecutiva<\/h3>\t\t\t\t<\/div>\n\t\t\t\t<\/div>\n\t\t\t\t<section class=\"elementor-section elementor-inner-section elementor-element elementor-element-22fc2a8 elementor-section-content-middle elementor-section-boxed elementor-section-height-default elementor-section-height-default\" data-id=\"22fc2a8\" data-element_type=\"section\" data-e-type=\"section\">\n\t\t\t\t\t\t<div class=\"elementor-container elementor-column-gap-default\">\n\t\t\t\t\t<div class=\"elementor-column elementor-col-50 elementor-inner-column elementor-element elementor-element-abeb0ad\" data-id=\"abeb0ad\" data-element_type=\"column\" data-e-type=\"column\">\n\t\t\t<div class=\"elementor-widget-wrap elementor-element-populated\">\n\t\t\t\t\t\t<div class=\"elementor-element elementor-element-fbc48ae color-scheme-inherit text-left elementor-widget elementor-widget-text-editor\" data-id=\"fbc48ae\" data-element_type=\"widget\" data-e-type=\"widget\" data-widget_type=\"text-editor.default\">\n\t\t\t\t<div class=\"elementor-widget-container\">\n\t\t\t\t\t\t\t\t\t<p><span style=\"font-weight: 400;\">Los cursos y diplomados online de Clase Ejecutiva UC son parte de una serie de programas de especializaci\u00f3n dise\u00f1ados para adaptarse a la vida ocupada de los profesionales. Estos programas, impartidos por profesores de excelencia de la Pontificia Universidad Cat\u00f3lica de Chile, proporcionan conocimientos de vanguardia en diversas \u00e1reas, permitiendo a los participantes avanzar en sus carreras y solidificar su futuro profesional. Entre los programas destacados, impartidos por acad\u00e9micos de GEPUC, se incluyen:<\/span><\/p><ul><li style=\"font-weight: 400;\" aria-level=\"1\"><b>Diplomado en Control de inventarios y gesti\u00f3n de la cadena de abastecimiento<\/b><\/li><li style=\"font-weight: 400;\" aria-level=\"1\"><b>Diplomado en Gesti\u00f3n de la distribuci\u00f3n en retail<\/b><\/li><\/ul><ul><li aria-level=\"1\"><b>Diplomado en Distribuci\u00f3n y log\u00edstica de \u00faltima milla<\/b><\/li><\/ul><ul><li aria-level=\"1\"><b>Diplomado en Direcci\u00f3n y entorno regulatorio en la construcci\u00f3n<\/b><\/li><\/ul><ul><li aria-level=\"1\"><b>Diplomado en Gesti\u00f3n de la construcci\u00f3n<\/b><\/li><\/ul><ul><li aria-level=\"1\"><b>Curso Estrategias para la planificaci\u00f3n y administraci\u00f3n de proyectos<\/b><\/li><\/ul><p><b><\/b><span style=\"font-weight: 400;\">Para m\u00e1s informaci\u00f3n y acceso a estos programas, visita<\/span><a href=\"https:\/\/www.claseejecutiva.uc.cl\/\"> <span style=\"font-weight: 400;\">Clase Ejecutiva UC<\/span><\/a><span style=\"font-weight: 400;\">.\u00a0<\/span><\/p>\t\t\t\t\t\t\t\t<\/div>\n\t\t\t\t<\/div>\n\t\t\t\t\t<\/div>\n\t\t<\/div>\n\t\t\t\t<div class=\"elementor-column elementor-col-50 elementor-inner-column elementor-element elementor-element-6f5627f\" data-id=\"6f5627f\" data-element_type=\"column\" data-e-type=\"column\">\n\t\t\t<div class=\"elementor-widget-wrap elementor-element-populated\">\n\t\t\t\t\t\t<div class=\"elementor-element elementor-element-b22a125 elementor-widget elementor-widget-image\" data-id=\"b22a125\" data-element_type=\"widget\" data-e-type=\"widget\" data-widget_type=\"image.default\">\n\t\t\t\t<div class=\"elementor-widget-container\">\n\t\t\t\t\t\t\t\t\t\t\t\t\t\t\t<img decoding=\"async\" src=\"https:\/\/gepuc.cl\/wp-content\/uploads\/elementor\/thumbs\/Foto-3-La-CLase-Ejecutiva-qrzk9ra7arpa1gq8ai01w7n50endvdhp7zuc94tytk.jpg\" title=\"Foto 3 La CLase Ejecutiva\" alt=\"Foto 3 La CLase Ejecutiva\" loading=\"lazy\" \/>\t\t\t\t\t\t\t\t\t\t\t\t\t\t\t<\/div>\n\t\t\t\t<\/div>\n\t\t\t\t\t<\/div>\n\t\t<\/div>\n\t\t\t\t\t<\/div>\n\t\t<\/section>\n\t\t\t\t\t<\/div>\n\t\t<\/div>\n\t\t\t\t\t<\/div>\n\t\t<\/section>\n\t\t\t\t<section class=\"elementor-section elementor-top-section elementor-element elementor-element-fc09e3d elementor-section-boxed elementor-section-height-default elementor-section-height-default\" data-id=\"fc09e3d\" data-element_type=\"section\" data-e-type=\"section\">\n\t\t\t\t\t\t<div class=\"elementor-container elementor-column-gap-default\">\n\t\t\t\t\t<div class=\"elementor-column elementor-col-100 elementor-top-column elementor-element elementor-element-4ca44b2\" data-id=\"4ca44b2\" data-element_type=\"column\" data-e-type=\"column\">\n\t\t\t<div class=\"elementor-widget-wrap elementor-element-populated\">\n\t\t\t\t\t\t<div class=\"elementor-element elementor-element-68ed47b elementor-widget elementor-widget-heading\" data-id=\"68ed47b\" data-element_type=\"widget\" data-e-type=\"widget\" data-widget_type=\"heading.default\">\n\t\t\t\t<div class=\"elementor-widget-container\">\n\t\t\t\t\t<h3 class=\"elementor-heading-title elementor-size-default\">Educaci\u00f3n Continua UC<\/h3>\t\t\t\t<\/div>\n\t\t\t\t<\/div>\n\t\t\t\t<section class=\"elementor-section elementor-inner-section elementor-element elementor-element-d2044de elementor-section-content-middle elementor-section-boxed elementor-section-height-default elementor-section-height-default\" data-id=\"d2044de\" data-element_type=\"section\" data-e-type=\"section\">\n\t\t\t\t\t\t<div class=\"elementor-container elementor-column-gap-default\">\n\t\t\t\t\t<div class=\"elementor-column elementor-col-50 elementor-inner-column elementor-element elementor-element-4d2ebde\" data-id=\"4d2ebde\" data-element_type=\"column\" data-e-type=\"column\">\n\t\t\t<div class=\"elementor-widget-wrap elementor-element-populated\">\n\t\t\t\t\t\t<div class=\"elementor-element elementor-element-fcdff0c color-scheme-inherit text-left elementor-widget elementor-widget-text-editor\" data-id=\"fcdff0c\" data-element_type=\"widget\" data-e-type=\"widget\" data-widget_type=\"text-editor.default\">\n\t\t\t\t<div class=\"elementor-widget-container\">\n\t\t\t\t\t\t\t\t\t<p><span style=\"font-weight: 400;\">Ofrecemos programas de diplomados semi-presenciales y presenciales a trav\u00e9s de Educaci\u00f3n Continua UC, orientados a profesionales que buscan un aprendizaje m\u00e1s interactivo y presencial. Estos programas combinan rigor acad\u00e9mico con aplicaci\u00f3n pr\u00e1ctica, abordando temas clave en la gesti\u00f3n de producci\u00f3n y tecnolog\u00eda. Algunos programas destacados incluyen:<\/span><\/p><ul><li style=\"font-weight: 400;\" aria-level=\"1\"><b>Curso en Fundamentos y aplicaci\u00f3n del sistema Last Planner\u00ae<\/b><\/li><li style=\"font-weight: 400;\" aria-level=\"1\"><b>Diplomado en Gesti\u00f3n de operaciones y log\u00edstica<\/b><\/li><li style=\"font-weight: 400;\" aria-level=\"1\"><b>Diplomado en Liderazgo y gesti\u00f3n Lean<\/b><\/li><li style=\"font-weight: 400;\" aria-level=\"1\"><b>Lean Enterprise<\/b><\/li><li style=\"font-weight: 400;\" aria-level=\"1\"><b>Diplomado en Decisiones de producci\u00f3n y log\u00edstica<\/b><\/li><li style=\"font-weight: 400;\" aria-level=\"1\"><strong>Diplomado en Lean Project Management<\/strong><\/li><\/ul><p><b><\/b><span style=\"font-weight: 400;\">Conoce m\u00e1s sobre estos programas y otros disponibles en<\/span><a href=\"https:\/\/educacioncontinua.uc.cl\/\"> <span style=\"font-weight: 400;\">Educaci\u00f3n Continua UC<\/span><\/a><span style=\"font-weight: 400;\">.\u00a0<\/span><\/p>\t\t\t\t\t\t\t\t<\/div>\n\t\t\t\t<\/div>\n\t\t\t\t\t<\/div>\n\t\t<\/div>\n\t\t\t\t<div class=\"elementor-column elementor-col-50 elementor-inner-column elementor-element elementor-element-69c135b\" data-id=\"69c135b\" data-element_type=\"column\" data-e-type=\"column\">\n\t\t\t<div class=\"elementor-widget-wrap elementor-element-populated\">\n\t\t\t\t\t\t<div class=\"elementor-element elementor-element-e643bee elementor-widget elementor-widget-image\" data-id=\"e643bee\" data-element_type=\"widget\" data-e-type=\"widget\" data-widget_type=\"image.default\">\n\t\t\t\t<div class=\"elementor-widget-container\">\n\t\t\t\t\t\t\t\t\t\t\t\t\t\t\t<img fetchpriority=\"high\" decoding=\"async\" width=\"1000\" height=\"255\" src=\"https:\/\/gepuc.cl\/wp-content\/uploads\/2024\/08\/Foto-4-Non-Stop-e1722549351306.png\" class=\"attachment-full size-full wp-image-289\" alt=\"\" srcset=\"https:\/\/gepuc.cl\/wp-content\/uploads\/2024\/08\/Foto-4-Non-Stop-e1722549351306.png 1000w, https:\/\/gepuc.cl\/wp-content\/uploads\/2024\/08\/Foto-4-Non-Stop-e1722549351306-300x77.png 300w, https:\/\/gepuc.cl\/wp-content\/uploads\/2024\/08\/Foto-4-Non-Stop-e1722549351306-768x196.png 768w\" sizes=\"(max-width: 1000px) 100vw, 1000px\" \/>\t\t\t\t\t\t\t\t\t\t\t\t\t\t\t<\/div>\n\t\t\t\t<\/div>\n\t\t\t\t\t<\/div>\n\t\t<\/div>\n\t\t\t\t\t<\/div>\n\t\t<\/section>\n\t\t\t\t\t<\/div>\n\t\t<\/div>\n\t\t\t\t\t<\/div>\n\t\t<\/section>\n\t\t\t\t<section class=\"elementor-section elementor-top-section elementor-element elementor-element-5fe3edc elementor-section-boxed elementor-section-height-default elementor-section-height-default\" data-id=\"5fe3edc\" data-element_type=\"section\" data-e-type=\"section\">\n\t\t\t\t\t\t<div class=\"elementor-container elementor-column-gap-default\">\n\t\t\t\t\t<div class=\"elementor-column elementor-col-100 elementor-top-column elementor-element elementor-element-3583666\" data-id=\"3583666\" data-element_type=\"column\" data-e-type=\"column\">\n\t\t\t<div class=\"elementor-widget-wrap elementor-element-populated\">\n\t\t\t\t\t\t<div class=\"elementor-element elementor-element-39d1b0a elementor-widget elementor-widget-heading\" data-id=\"39d1b0a\" data-element_type=\"widget\" data-e-type=\"widget\" data-widget_type=\"heading.default\">\n\t\t\t\t<div class=\"elementor-widget-container\">\n\t\t\t\t\t<h3 class=\"elementor-heading-title elementor-size-default\">Talleres In-Company<\/h3>\t\t\t\t<\/div>\n\t\t\t\t<\/div>\n\t\t\t\t<section class=\"elementor-section elementor-inner-section elementor-element elementor-element-0a32180 elementor-section-content-middle elementor-section-boxed elementor-section-height-default elementor-section-height-default\" data-id=\"0a32180\" data-element_type=\"section\" data-e-type=\"section\">\n\t\t\t\t\t\t<div class=\"elementor-container elementor-column-gap-default\">\n\t\t\t\t\t<div class=\"elementor-column elementor-col-50 elementor-inner-column elementor-element elementor-element-6dc262b\" data-id=\"6dc262b\" data-element_type=\"column\" data-e-type=\"column\">\n\t\t\t<div class=\"elementor-widget-wrap elementor-element-populated\">\n\t\t\t\t\t\t<div class=\"elementor-element elementor-element-b79f968 color-scheme-inherit text-left elementor-widget elementor-widget-text-editor\" data-id=\"b79f968\" data-element_type=\"widget\" data-e-type=\"widget\" data-widget_type=\"text-editor.default\">\n\t\t\t\t<div class=\"elementor-widget-container\">\n\t\t\t\t\t\t\t\t\t<p><span style=\"font-weight: 400;\">Para empresas que buscan formaci\u00f3n especializada para sus equipos, GEPUC ofrece talleres y programas de formaci\u00f3n in-company, dise\u00f1ados a la medida de las necesidades espec\u00edficas de cada organizaci\u00f3n. Estos talleres cubren una amplia gama de temas, desde la optimizaci\u00f3n de procesos hasta la implementaci\u00f3n de tecnolog\u00edas emergentes, y son impartidos por nuestros expertos acad\u00e9micos y profesionales.<\/span><\/p><p><span style=\"font-weight: 400;\">Nuestros talleres in-company son ideales para empresas que desean:<\/span><\/p><ul><li style=\"font-weight: 400;\" aria-level=\"1\"><b>Mejorar la eficiencia operativa<\/b><\/li><li style=\"font-weight: 400;\" aria-level=\"1\"><b>Implementar nuevas tecnolog\u00edas<\/b><\/li><li style=\"font-weight: 400;\" aria-level=\"1\"><b>Fomentar una cultura de innovaci\u00f3n<\/b><\/li><li aria-level=\"1\"><p><strong>Implementar metodolog\u00edas Lean<\/strong><\/p><\/li><\/ul><p><span style=\"font-weight: 400;\">Estos programas pueden ser personalizados para abordar los desaf\u00edos particulares de cada empresa, garantizando una transferencia efectiva de conocimientos y habilidades.<\/span><\/p>\t\t\t\t\t\t\t\t<\/div>\n\t\t\t\t<\/div>\n\t\t\t\t\t<\/div>\n\t\t<\/div>\n\t\t\t\t<div class=\"elementor-column elementor-col-50 elementor-inner-column elementor-element elementor-element-94c973c\" data-id=\"94c973c\" data-element_type=\"column\" data-e-type=\"column\">\n\t\t\t<div class=\"elementor-widget-wrap elementor-element-populated\">\n\t\t\t\t\t\t<div class=\"elementor-element elementor-element-70cad5f elementor-widget elementor-widget-image\" data-id=\"70cad5f\" data-element_type=\"widget\" data-e-type=\"widget\" data-widget_type=\"image.default\">\n\t\t\t\t<div class=\"elementor-widget-container\">\n\t\t\t\t\t\t\t\t\t\t\t\t\t\t\t<img decoding=\"async\" src=\"https:\/\/gepuc.cl\/wp-content\/uploads\/elementor\/thumbs\/Foto-5-Taller-qrzk9u3pv9tzp6mkc58mecojdbxsfaro4m1jqei8v8.jpg\" title=\"Foto 5 Taller\" alt=\"Foto 5 Taller\" loading=\"lazy\" \/>\t\t\t\t\t\t\t\t\t\t\t\t\t\t\t<\/div>\n\t\t\t\t<\/div>\n\t\t\t\t\t<\/div>\n\t\t<\/div>\n\t\t\t\t\t<\/div>\n\t\t<\/section>\n\t\t\t\t\t<\/div>\n\t\t<\/div>\n\t\t\t\t\t<\/div>\n\t\t<\/section>\n\t\t\t\t<\/div>\n\t\t","protected":false},"excerpt":{"rendered":"<p>En GEPUC, creemos en el poder de la educaci\u00f3n continua como motor de transformaci\u00f3n y desarrollo profesional. Ofrecemos una variedad<\/p>\n","protected":false},"author":1,"featured_media":0,"parent":0,"menu_order":0,"comment_status":"closed","ping_status":"closed","template":"","meta":{"footnotes":""},"class_list":["post-260","page","type-page","status-publish","hentry"],"_links":{"self":[{"href":"https:\/\/gepuc.cl\/index.php?rest_route=\/wp\/v2\/pages\/260","targetHints":{"allow":["GET"]}}],"collection":[{"href":"https:\/\/gepuc.cl\/index.php?rest_route=\/wp\/v2\/pages"}],"about":[{"href":"https:\/\/gepuc.cl\/index.php?rest_route=\/wp\/v2\/types\/page"}],"author":[{"embeddable":true,"href":"https:\/\/gepuc.cl\/index.php?rest_route=\/wp\/v2\/users\/1"}],"replies":[{"embeddable":true,"href":"https:\/\/gepuc.cl\/index.php?rest_route=%2Fwp%2Fv2%2Fcomments&post=260"}],"version-history":[{"count":13,"href":"https:\/\/gepuc.cl\/index.php?rest_route=\/wp\/v2\/pages\/260\/revisions"}],"predecessor-version":[{"id":320,"href":"https:\/\/gepuc.cl\/index.php?rest_route=\/wp\/v2\/pages\/260\/revisions\/320"}],"wp:attachment":[{"href":"https:\/\/gepuc.cl\/index.php?rest_route=%2Fwp%2Fv2%2Fmedia&parent=260"}],"curies":[{"name":"wp","href":"https:\/\/api.w.org\/{rel}","templated":true}]}}